. Let h(b) = -3 + 2*b - 2*b**2 + b**3 - i*b + 2. Suppose 5*l + 3 + 2 = 0. What is h(l)?
-2
Suppose 0 = -5*l + 17*l - 24. Suppose c + l*c = -0*c. Let g(p) = -p**2 - p - 4. Determine g(c).
-4
Let g(n) be the third derivative of -9*n**2 + 3/2*n**3 + 0 + 0*n - 1/24*n**4. Suppose 4*m + 0*m = 28. Give g(m).
2
Let s(x) = 2*x**3 + 51*x**2 - 28*x - 57. Let i be s(-26). Let o(k) = k**3 + 3*k**2 - 8*k - 5. What is o(i)?
-15
Suppose -5*q + 8*d + 20 = 3*d, 16 = 5*q - 3*d. Let c be (-594)/77 + q/(-7). Let r(o) = o + 15. Calculate r(c).
7
Let h(q) = q. Let v(j) = -j + 1. Let m be v(-3). Suppose -m*l - 3*x = 1, -2 + 1 = -l - x. What is h(l)?
-4
Let f(g) = -g**2 + 5*g + 15. Suppose -3*s + 5*j = -13, 0 = -3*s + 2*s + 4*j + 2. Determine f(s).
9
Let d(q) = -q + 17. Let f(n) = -n + 19. Let v(c) = -7*d(c) + 6*f(c). Calculate v(9).
4
Let a be 110/(-30) + (-4)/(-6). Let g(s) = -s - 3. Calculate g(a).
0
Let j = 3 - 2. Let r(y) = -37*y**2 + 10*y - 5. Let f(x) = -54*x**2 + 14*x - 7. Let l(v) = 5*f(v) - 7*r(v). What is l(j)?
-11
Suppose 0*u - 5*u = -15. Suppose -z + 5 = -2*d, d = z - u + 1. Let y(m) = -m**3 - 3*m**2 - 3*m + 2. Give y(d).
11
Let z(g) = -g**2 - 8*g + 11. Let b be -11 + (6/(-9))/(6/(-18)). What is z(b)?
2
Let o(p) = -2*p - 3. Let u(m) = 13*m + 74. Let h be u(-6). Determine o(h).
5
Let j(y) = -2*y + 29. Let t be ((-4)/(-6))/(8/108). Let s be j(t). Let x(p) = -p**2 + 10*p + 5. What is x(s)?
-6
Suppose 15*w = 8*w - 35. Let h(l) be the second derivative of -l**4/12 - l**3 + l**2/2 + 26*l. Give h(w).
6
Let r(z) = 0*z + 4*z - z. Let f(c) be the third derivative of c**4/24 - 3*c**3 - 17*c**2. Let v be f(17). Calculate r(v).
-3
Let c(a) = -2*a + 2. Let b(p) = -5*p + 5. Let m(n) = 3*b(n) - 8*c(n). Let y(w) = -12*w**2 - 3 + 5 - 13*w + 11*w**2 - 3. Let l be y(-13). Determine m(l).
-2
Let l(c) = -19*c**2 - 74*c + 18*c + 3*c**2 + 37*c**2 - 23*c**2 + 1. What is l(-28)?
1
Let u be 4 - 25/(-1) - -3. Suppose 4*g - 14 = 5*k, 4*k = -0*g - 4*g + u. Let v(f) = 3*f + 3. Let c(r) = -r - 1. Let h(y) = 5*c(y) + 2*v(y). Determine h(g).
7
Let b(y) be the second derivative of -y**5/20 - 5*y**4/6 + 3*y**3/2 - 2*y**2 + 2*y + 24. What is b(-11)?
18
Let k(v) be the second derivative of v**3/6 + v**2 + v. Let j = -36 + 41. Suppose -j*z + 8*z + 3 = 0. What is k(z)?
1
Let h(d) = 4 + 1272648*d + 4*d**2 + 0*d**2 - 1272651*d - d**3. Give h(2).
6
Suppose 0*o = -o, 4*s = 4*o - 60. Suppose -4*r - 28 = 4*c, r + 4 = -5*c + 17. Let g = r - s. Let y(b) = -b**3 + 5*b**2 - 3*b - 2. Calculate y(g).
7
Let v be (-4)/18 - ((-903)/(-27))/7. Let m(l) = 2*l. Let f(o) = -5*o. Let k(w) = 3*f(w) + 8*m(w). Give k(v).
-5
Let k(i) = 8 + 2 - i**2 - 6 - 5. Suppose -4*r = 2*y + 26, 0 = y - 0*y + 3*r + 18. Let x = 2 + y. Determine k(x).
-2
Let h be -3*(-3)/18*0. Let d(t) be the second derivative of t**3/6 - 7*t**2/2 - 32*t. What is d(h)?
-7
Let v be (2 + 10/(-15))*12. Suppose 4*h - v - 12 = 0. Let m(y) = -y**2 + 7*y. What is m(h)?
0
Let f(j) = -j**2 + 6*j + 3. Let p be f(7). Let x = p + 4. Let q(z) = -z**2 - z - 1. Let i(w) = -7*w**2 - 5*w - 2. Let y(d) = -i(d) + 6*q(d). Determine y(x).
-4
Let t(b) = b**2 + 10*b + 11. Suppose 0 = -k + 1 + 6. Suppose 5*x = 112 - k. Let y = -29 + x. Calculate t(y).
-5
Let o(k) = 2*k**2. Let v be o(-1). Let h be (28/(-35))/(2/(-5)). Let n(p) = 6 + p**v - 2*p**h - 4 - 3*p - 3. Give n(-4).
-5
Let d(n) = -n**2 - 8*n + 4. Suppose -710*w + 20 = -712*w. Determine d(w).
-16
Let t(m) be the third derivative of -m**8/6720 - m**7/504 + m**6/180 + m**5/120 - 23*m**4/24 - 26*m**2. Let w(c) be the second derivative of t(c). Give w(-6).
13
Let s(g) = g - 1. Let f(a) = 10*a - 6. Let j(d) = f(d) - 8*s(d). Suppose 9*q - 12*q = -12. Suppose -7 = -2*l + 3*k, 5*l + 1 = -q*k + 7. Determine j(l).
6
Let j(b) = -8*b - 28. Let a be j(-4). Let p(x) be the third derivative of 0*x - 1/24*x**a + x**3 - 4*x**2 + 0. Determine p(6).
0
Let l(i) = i**2 - 3*i - 2. Let o be l(-1). Let b(d) = d**2 - 9 + 5*d**2 - 3*d**3 + 0 + 8*d + o*d**3. Determine b(7).
-2
Let s(y) = -y + 2. Let b be 6/(0 - 2/4*-4). Determine s(b).
-1
Let p(n) = 4*n + 23. Let i(a) = -9*a. Let d(z) = 2*i(z) + p(z). Give d(2).
-5
Let p(v) = 4*v**2 - v. Let s be p(1). Let z(c) = 3*c**2 - s*c**2 + 4*c**2 + c**3 - 3*c + 1. Let w be ((-16)/(-40))/1 + (-66)/15. Determine z(w).
13
Let c = 7 - 5. Let l(o) = -c*o**2 - 4*o**2 + 7*o**3 - 8*o**3 + 4. Calculate l(-6).
4
Suppose -11*s + 36 + 85 = 0. Let n(h) = s - 11 + 1 + 8*h. Suppose -3*d - 2*w - 3 = 3, 10 = -5*d - 3*w. What is n(d)?
-15
Let o(b) be the second derivative of 7/12*b**4 - 7/2*b**2 + 0 + 1/20*b**5 + b**3 + 3*b. Let w be -4 + (4/(-3))/((-12)/(-18)). Give o(w).
-7
Let l(b) = -46*b**3 + 104*b**3 - 3*b - 57*b**3 - 3*b**2 - 1 + 4*b**2. Calculate l(-2).
1
Let u = -218 + 212. Let x(q) = -q**3 - 6*q**2 + 3*q + 9. Calculate x(u).
-9
Let o(r) = 3*r**2 - r + 8. Let g(y) = -y**2. Let u(v) = 2*g(v) + o(v). Give u(0).
8
Let b(c) be the first derivative of c**2/2 - 6*c - 46. Calculate b(11).
5
Let u(t) = -2*t + 9. Suppose 2*y - z = 21, -4*y + 13 = 3*z - 44. Suppose 4*f - 2*q = 14, 0 = 5*q - 13 - y. Calculate u(f).
-3
Let j(k) = k**3 - 14*k**2 - 14*k - 15. Let c = 775 + -760. Determine j(c).
0
Let s(g) be the third derivative of -g**6/240 - g**5/40 + g**4/2 - 20*g**2. Let o(f) be the second derivative of s(f). Calculate o(-2).
3
Suppose 0 = -128267*c + 128265*c - 16. Let d(w) be the third derivative of 3/8*w**4 + 0*w + 3/2*w**3 + w**2 + 3/20*w**5 + 0 + 1/120*w**6. Calculate d(c).
1
Let w(m) = 3 - 2*m + m**2 - m - 4*m. Let n(u) = 6*u**3 + 24*u**2 + 8*u + 37. Let o be n(-4). Determine w(o).
-7
Let j(y) = 7*y**2 - 2*y - 1. Let p(c) = -5*c**2 + 2*c + 2. Let x(n) = 2*j(n) + 3*p(n). What is x(3)?
1
Let p(k) be the first derivative of -k**3/3 - 9*k**2/2 - 7*k - 67. Calculate p(-7).
7
Let o(n) = -n**2 - n - 2. Suppose 5*i - 5*p - 11 = 24, -2*i - 2*p = -26. Let c(u) = 3*u - 28. Let h be c(i). Give o(h).
-8
Let d(a) = -11 + 14 + 2 + 20*a**2 - 3 - 4*a. What is d(1)?
18
Let v = -29 + 33. Let u = 2 - 1. Let y(r) = u - r + 0 + 0. Give y(v).
-3
Suppose 8*w = -83 - 85. Let t(c) = -3*c - 56. Let d be t(w). Let x(v) be the second derivative of -v**5/20 + 7*v**4/12 - v**3/3 + 5*v**2 - v. Calculate x(d).
-4
Let s(o) = 14*o**2 + 7*o + 5. Let m(r) = -2*r**2 - 2*r - 1. Let w(x) = -5*m(x) - s(x). What is w(3)?
-27
Let q(h) = -20*h - 17*h - 1 - 23*h + 62*h. Calculate q(1).
1
Let r(g) = -2*g + 11. Suppose 6*q - 5*q = 2. Let h(p) = 2*p - 9. Let k(j) = q*r(j) + 3*h(j). Determine k(9).
13
Let h(d) = 4*d - 19. Let x be h(6). Let l(a) = 16*a + 0*a + a**2 + x - 20*a. Suppose 0 = 4*v - 5*b - 1, 0 = 4*v - 2*b - 10. Give l(v).
5
Suppose 0*z + 2*z + 2 = 0. Let c = -14 - -9. Let g = z - c. Let f(j) = j**3 - 5*j**2 + j + 3. Give f(g).
-9
Let g(t) = t**3 - 4*t**2 - t. Let n be g(4). Let j(f) = f + 7. Let b be j(n). Suppose b*s - 16 = 7*s. Let v(d) = d + 1. Give v(s).
-3
Let z(h) = -4*h**2 + 32*h**3 - h**3 - 3*h**3 - 29*h**3 + 2. Give z(-2).
-6
Let o(f) = -2*f**2 - 13*f - 7. Let x(t) = -t**2 + 32*t + 62. Let z be x(34). Calculate o(z).
-1
Let a(j) = -j - 2. Let h(u) be the third derivative of -u**5/60 - 11*u**4/24 - 11*u**3/2 - 5*u**2. Let b be h(-7). Give a(b).
3
Let u(q) = 2*q**3 - q**2. Suppose 5*p = 3*p + 6. Let s be (22/33)/((-2)/p). Give u(s).
-3
Let f be 64/224 + 19/7. Let p(j) = 4*j - 5. Let h(w) = 5*w - 4. Let o(n) = f*h(n) - 4*p(n). Calculate o(8).
0
Let g be (-8 - (-6 + 10))/(-3). Let u(h) = -h**3 + h**2 + 4*h + 1. Calculate u(g).
-31
Let y(q) = 10*q - q**2 + 13 - 3*q - 3 + 11 - 30. Suppose -5*r = -3*r - 14. Give y(r).
-9
Let l(s) be the second derivative of 0*s**2 - 1/120*s**5 + 0 + 1/12*s**4 + 0*s**3 + s + 1/720*s**6. Let m(j) be the third derivative of l(j). Determine m(-1).
-2
Let m = -263 - -874. Let g(l) = 2*l - 612 - 2*l**3 - l + m. What is g(2)?
-15
Let a = -3 - -6. Suppose 0 = 2*h + 3*o - 0*o - 5, -6 = -a*h - 3*o. Let q(j) = 7*j**3. Determine q(h).
7
Let p(y) = -15*y**2 + 2*y - 12 + 22*y**2 - 5*y**2. Calculate p(0).
-12
Let q = -4 + 12. Let x(w) be the third derivative of w**6/720 - 11*w**5/120 - w**4/12 - 7*w**2. Let a(h) be the second derivative of x(h). Determine a(q).
-3
Let o(t) be the first derivative of t**5/60 - t**4/24 + t**3 - 4*t**2 + 2. Let n(v) be the second derivative of o(v). Calculate n(0).
6
Let g(h) = 3*h**2 - h + 2. Sup